{"id":586,"date":"2026-01-28T09:14:29","date_gmt":"2026-01-28T09:14:29","guid":{"rendered":"https:\/\/musicanaturacolors.com\/?page_id=586"},"modified":"2026-03-05T10:44:09","modified_gmt":"2026-03-05T10:44:09","slug":"tallers","status":"publish","type":"page","link":"https:\/\/musicanaturacolors.com\/index.php\/tallers\/","title":{"rendered":"Tallers"},"content":{"rendered":"\n<p>M\u00fasica, Natura i Colors \u00e9s una entitat dedicada a la promoci\u00f3 de l&#8217;art i la m\u00fasica amb diferents vessants creatives, tant com a escola de m\u00fasica, tallers de musicoter\u00e0pia, experi\u00e8ncies musicals, com tamb\u00e9 producci\u00f3 d&#8217;esdeveniments i m\u00fasica en directe.<\/p>\n\n\n\n<p>Tallers d&#8217;<a href=\"https:\/\/musicanaturacolors.com\/index.php\/musicoterapia\/\">Estimulaci\u00f3 Cognitiva<\/a><\/p>\n\n\n\n<p>Tallers de <a href=\"https:\/\/musicanaturacolors.com\/index.php\/musica-en-familia\/\">M\u00fasica en Fam\u00edlia<\/a> i Nadons<\/p>\n\n\n\n<p><a href=\"https:\/\/ivandurban.com\/educador\/\">Educador Musical<\/a> per a Centres d&#8217;Infantil, Prim\u00e0ria i Secund\u00e0ria.<\/p>\n\n\n\n<p>Promoci\u00f3 d&#8217; Events i M\u00fasica en directe.<\/p>\n\n\n\n<figure class=\"wp-block-gallery has-nested-images columns-default is-cropped wp-block-gallery-1 is-layout-flex wp-block-gallery-is-layout-flex\">\n<figure class=\"wp-block-image size-large is-resized\"><img loading=\"lazy\" decoding=\"async\" width=\"1024\" height=\"768\" data-id=\"556\" src=\"https:\/\/musicanaturacolors.com\/wp-content\/uploads\/2025\/11\/PHOTO-2025-11-27-11-24-54-2-1024x768.jpg\" alt=\"\" class=\"wp-image-556\" style=\"width:407px;height:auto\" srcset=\"https:\/\/musicanaturacolors.com\/wp-content\/uploads\/2025\/11\/PHOTO-2025-11-27-11-24-54-2-1024x768.jpg 1024w, https:\/\/musicanaturacolors.com\/wp-content\/uploads\/2025\/11\/PHOTO-2025-11-27-11-24-54-2-300x225.jpg 300w, https:\/\/musicanaturacolors.com\/wp-content\/uploads\/2025\/11\/PHOTO-2025-11-27-11-24-54-2-768x576.jpg 768w, https:\/\/musicanaturacolors.com\/wp-content\/uploads\/2025\/11\/PHOTO-2025-11-27-11-24-54-2-1536x1152.jpg 1536w, https:\/\/musicanaturacolors.com\/wp-content\/uploads\/2025\/11\/PHOTO-2025-11-27-11-24-54-2.jpg 2048w\" sizes=\"auto, (max-width: 1024px) 100vw, 1024px\" \/><\/figure>\n\n\n\n<figure class=\"wp-block-image size-large is-resized\"><img loading=\"lazy\" decoding=\"async\" width=\"1024\" height=\"768\" data-id=\"491\" src=\"https:\/\/musicanaturacolors.com\/wp-content\/uploads\/2025\/06\/esola-bressol-1024x768.jpg\" alt=\"\" class=\"wp-image-491\" style=\"width:411px;height:auto\" srcset=\"https:\/\/musicanaturacolors.com\/wp-content\/uploads\/2025\/06\/esola-bressol-1024x768.jpg 1024w, https:\/\/musicanaturacolors.com\/wp-content\/uploads\/2025\/06\/esola-bressol-300x225.jpg 300w, https:\/\/musicanaturacolors.com\/wp-content\/uploads\/2025\/06\/esola-bressol-768x576.jpg 768w, https:\/\/musicanaturacolors.com\/wp-content\/uploads\/2025\/06\/esola-bressol-1536x1152.jpg 1536w, https:\/\/musicanaturacolors.com\/wp-content\/uploads\/2025\/06\/esola-bressol.jpg 1600w\" sizes=\"auto, (max-width: 1024px) 100vw, 1024px\" \/><\/figure>\n<\/figure>\n","protected":false},"excerpt":{"rendered":"<p>M\u00fasica, Natura i Colors \u00e9s una entitat dedicada a la promoci\u00f3 de l&#8217;art i la m\u00fasica amb diferents vessants creatives, &hellip; <\/p>\n","protected":false},"author":1,"featured_media":0,"parent":0,"menu_order":0,"comment_status":"closed","ping_status":"closed","template":"","meta":{"footnotes":""},"class_list":["post-586","page","type-page","status-publish","hentry"],"_links":{"self":[{"href":"https:\/\/musicanaturacolors.com\/index.php\/wp-json\/wp\/v2\/pages\/586","targetHints":{"allow":["GET"]}}],"collection":[{"href":"https:\/\/musicanaturacolors.com\/index.php\/wp-json\/wp\/v2\/pages"}],"about":[{"href":"https:\/\/musicanaturacolors.com\/index.php\/wp-json\/wp\/v2\/types\/page"}],"author":[{"embeddable":true,"href":"https:\/\/musicanaturacolors.com\/index.php\/wp-json\/wp\/v2\/users\/1"}],"replies":[{"embeddable":true,"href":"https:\/\/musicanaturacolors.com\/index.php\/wp-json\/wp\/v2\/comments?post=586"}],"version-history":[{"count":6,"href":"https:\/\/musicanaturacolors.com\/index.php\/wp-json\/wp\/v2\/pages\/586\/revisions"}],"predecessor-version":[{"id":643,"href":"https:\/\/musicanaturacolors.com\/index.php\/wp-json\/wp\/v2\/pages\/586\/revisions\/643"}],"wp:attachment":[{"href":"https:\/\/musicanaturacolors.com\/index.php\/wp-json\/wp\/v2\/media?parent=586"}],"curies":[{"name":"wp","href":"https:\/\/api.w.org\/{rel}","templated":true}]}}

<p>Música, Natura i Colors és una entitat dedicada a la promoció de l&#8217;art i la música amb diferents vessants creatives, tant com a escola de música, tallers de musicoteràpia, experiències musicals, com també producció d&#8217;esdeveniments i música en directe.</p>



<p>Tallers d&#8217;<a href="https://musicanaturacolors.com/index.php/musicoterapia/">Estimulació Cognitiva</a></p>



<p>Tallers de <a href="https://musicanaturacolors.com/index.php/musica-en-familia/">Música en Família</a> i Nadons</p>



<p><a href="https://ivandurban.com/educador/">Educador Musical</a> per a Centres d&#8217;Infantil, Primària i Secundària.</p>



<p>Promoció d&#8217; Events i Música en directe.</p>



<figure class="wp-block-gallery has-nested-images columns-default is-cropped wp-block-gallery-1 is-layout-flex wp-block-gallery-is-layout-flex">
<figure class="wp-block-image size-large is-resized"><img loading="lazy" decoding="async" width="1024" height="768" data-id="556" src="https://musicanaturacolors.com/wp-content/uploads/2025/11/PHOTO-2025-11-27-11-24-54-2-1024x768.jpg" alt="" class="wp-image-556" style="width:407px;height:auto" srcset="https://musicanaturacolors.com/wp-content/uploads/2025/11/PHOTO-2025-11-27-11-24-54-2-1024x768.jpg 1024w, https://musicanaturacolors.com/wp-content/uploads/2025/11/PHOTO-2025-11-27-11-24-54-2-300x225.jpg 300w, https://musicanaturacolors.com/wp-content/uploads/2025/11/PHOTO-2025-11-27-11-24-54-2-768x576.jpg 768w, https://musicanaturacolors.com/wp-content/uploads/2025/11/PHOTO-2025-11-27-11-24-54-2-1536x1152.jpg 1536w, https://musicanaturacolors.com/wp-content/uploads/2025/11/PHOTO-2025-11-27-11-24-54-2.jpg 2048w" sizes="auto, (max-width: 1024px) 100vw, 1024px" /></figure>



<figure class="wp-block-image size-large is-resized"><img loading="lazy" decoding="async" width="1024" height="768" data-id="491" src="https://musicanaturacolors.com/wp-content/uploads/2025/06/esola-bressol-1024x768.jpg" alt="" class="wp-image-491" style="width:411px;height:auto" srcset="https://musicanaturacolors.com/wp-content/uploads/2025/06/esola-bressol-1024x768.jpg 1024w, https://musicanaturacolors.com/wp-content/uploads/2025/06/esola-bressol-300x225.jpg 300w, https://musicanaturacolors.com/wp-content/uploads/2025/06/esola-bressol-768x576.jpg 768w, https://musicanaturacolors.com/wp-content/uploads/2025/06/esola-bressol-1536x1152.jpg 1536w, https://musicanaturacolors.com/wp-content/uploads/2025/06/esola-bressol.jpg 1600w" sizes="auto, (max-width: 1024px) 100vw, 1024px" /></figure>
</figure>

<p>Música, Natura i Colors és una entitat dedicada a la promoció de l&#8217;art i la música amb diferents vessants creatives, &hellip; </p>
