{"id":588,"date":"2026-01-28T09:15:16","date_gmt":"2026-01-28T09:15:16","guid":{"rendered":"https:\/\/musicanaturacolors.com\/?page_id=588"},"modified":"2026-03-05T10:57:41","modified_gmt":"2026-03-05T10:57:41","slug":"events-i-musica-en-directe","status":"publish","type":"page","link":"https:\/\/musicanaturacolors.com\/index.php\/events-i-musica-en-directe\/","title":{"rendered":"Latin Durban Trio"},"content":{"rendered":"\n<p>\ud83c\udfb6&nbsp;<strong>LATIN DURBAN TRIO<\/strong><br><em>M\u00fasica, ritme i eleg\u00e0ncia<\/em><\/p>\n\n\n\n<p>\ud83c\udfb6 Latin Durban Trio \u00e9s la proposta m\u00e9s din\u00e0mica i seductora del projecte musical del cantautor i multiinstrumentista Ivan Durban. Concebuda per aportar una experi\u00e8ncia sonora \u00fanica, amb una posada en escena impecable, ritme i sofisticaci\u00f3 per a esdeveniments i m\u00fasica en directe.<\/p>\n\n\n\n<p>Formaci\u00f3 inspirada en la tradici\u00f3 llatina, fusiona elements de jazz, pop i mestissatge, combinant temes originals i versions, amb un directe vibrant i de qualitat.<\/p>\n\n\n\n<p>Ivan Durban: Veu, guitarra, saxo.<br>Marc Xena: Percussions.<br>Paquito de la Iguana: Piano.<\/p>\n\n\n\n<figure class=\"wp-block-embed is-type-video is-provider-youtube wp-block-embed-youtube wp-embed-aspect-16-9 wp-has-aspect-ratio\"><div class=\"wp-block-embed__wrapper\">\n<iframe loading=\"lazy\" title=\"Cha cha ch\u00e1 &#039;Dame m\u00e1s&#039; - Latin Durban Trio\" width=\"750\" height=\"422\" src=\"https:\/\/www.youtube.com\/embed\/VxCnTaLkWc4?feature=oembed\" frameborder=\"0\" allow=\"accelerometer; autoplay; clipboard-write; encrypted-media; gyroscope; picture-in-picture; web-share\" referrerpolicy=\"strict-origin-when-cross-origin\" allowfullscreen><\/iframe>\n<\/div><\/figure>\n\n\n\n<p>\ud83c\udfb6&nbsp;<strong>Format<\/strong><br>Amb el format de trio el projecte assegura una posada en escena m\u00ednima i rica, plena de matisos, alhora que concisa i pr\u00e0ctica, tant a nivell musical com log\u00edstic. El car\u00e0cter multiinstrumentista dels seus integrants fa que el trio pugui sonar com una desc\u00e0rrega de banda gran, ja que el pianista ofereix una gran versatilitat com a teclista i baixista, el cantant com a guitarrista o saxofonista i fins i tot el percussionista intervenint com a trompetista en algunes ocasions.<\/p>\n\n\n\n<p>\ud83c\udfb6&nbsp;<strong>Estil<\/strong><br>El repertori va del bolero al son, del cha-cha-ch\u00e1 a la rumba, de la desc\u00e0rrega al jazz, amb temes originals, arranjaments propis i versions, captant amb un repertori atractiu l\u2019atenci\u00f3 del p\u00fablic m\u00e9s exigent. Latin Durban Trio ofereix no nom\u00e9s m\u00fasica, sin\u00f3 una experi\u00e8ncia que reviu emocions i fa que tothom gaudeixi del ritme amb estil i sofisticaci\u00f3.<\/p>\n\n\n\n<p>Una proposta ideal, en clau llatina i jazz, fusionant la tradici\u00f3 i la contemporane\u00eftat musical en una coctelera sonora atractiva i saborosa.<\/p>\n\n\n\n<p>\ud83c\udfb6&nbsp;<strong>Ideal per a:<\/strong><br>\u2013 Esdeveniments corporatius i privats que busquen m\u00fasica en directe de qualitat.<br>\u2013 Programacions que busquen una proposta art\u00edstica professional, elegant i emocionant.<br>\u2013 Festivals i concerts on es valora la fusi\u00f3 creativa i la pres\u00e8ncia art\u00edstica.<br>\u2013 Contractacions que requereixen un repertori variat i ballable.<\/p>\n\n\n\n<p>El projecte ofereix una proposta de m\u00fasica llatina vibrant i propera, amb la capacitat immediata de connectar amb el p\u00fablic a trav\u00e9s de la seva m\u00fasica, transmetent passi\u00f3 i qualitat sonora.<\/p>\n\n\n\n<p>Latin Durban Trio no nom\u00e9s toca m\u00fasica: la viu i la comparteix, creant moments inoblidables que conviden a gaudir, ballar i emocionar-se al ritme de la m\u00fasica llatina contempor\u00e0nia. \ud83c\udfb6<\/p>\n\n\n\n<figure class=\"wp-block-gallery has-nested-images columns-default is-cropped wp-block-gallery-1 is-layout-flex wp-block-gallery-is-layout-flex\">\n<figure class=\"wp-block-image size-large\"><img loading=\"lazy\" decoding=\"async\" width=\"1024\" height=\"819\" data-id=\"595\" src=\"https:\/\/musicanaturacolors.com\/wp-content\/uploads\/2026\/01\/trio-eventos-1024x819.png\" alt=\"\" class=\"wp-image-595\" srcset=\"https:\/\/musicanaturacolors.com\/wp-content\/uploads\/2026\/01\/trio-eventos-1024x819.png 1024w, https:\/\/musicanaturacolors.com\/wp-content\/uploads\/2026\/01\/trio-eventos-300x240.png 300w, https:\/\/musicanaturacolors.com\/wp-content\/uploads\/2026\/01\/trio-eventos-768x614.png 768w, https:\/\/musicanaturacolors.com\/wp-content\/uploads\/2026\/01\/trio-eventos-1536x1229.png 1536w, https:\/\/musicanaturacolors.com\/wp-content\/uploads\/2026\/01\/trio-eventos.png 2000w\" sizes=\"auto, (max-width: 1024px) 100vw, 1024px\" \/><\/figure>\n<\/figure>\n\n\n\n<figure class=\"wp-block-embed is-type-video is-provider-youtube wp-block-embed-youtube wp-embed-aspect-9-16 wp-has-aspect-ratio\"><div class=\"wp-block-embed__wrapper\">\n<iframe loading=\"lazy\" title=\"Solo en cha cha ch\u00e1\" width=\"563\" height=\"1000\" src=\"https:\/\/www.youtube.com\/embed\/fwoIrZg9aGM?feature=oembed\" frameborder=\"0\" allow=\"accelerometer; autoplay; clipboard-write; encrypted-media; gyroscope; picture-in-picture; web-share\" referrerpolicy=\"strict-origin-when-cross-origin\" allowfullscreen><\/iframe>\n<\/div><\/figure>\n","protected":false},"excerpt":{"rendered":"<p>\ud83c\udfb6&nbsp;LATIN DURBAN TRIOM\u00fasica, ritme i eleg\u00e0ncia \ud83c\udfb6 Latin Durban Trio \u00e9s la proposta m\u00e9s din\u00e0mica i seductora del projecte musical &hellip; <\/p>\n","protected":false},"author":1,"featured_media":0,"parent":0,"menu_order":0,"comment_status":"closed","ping_status":"closed","template":"","meta":{"footnotes":""},"class_list":["post-588","page","type-page","status-publish","hentry"],"_links":{"self":[{"href":"https:\/\/musicanaturacolors.com\/index.php\/wp-json\/wp\/v2\/pages\/588","targetHints":{"allow":["GET"]}}],"collection":[{"href":"https:\/\/musicanaturacolors.com\/index.php\/wp-json\/wp\/v2\/pages"}],"about":[{"href":"https:\/\/musicanaturacolors.com\/index.php\/wp-json\/wp\/v2\/types\/page"}],"author":[{"embeddable":true,"href":"https:\/\/musicanaturacolors.com\/index.php\/wp-json\/wp\/v2\/users\/1"}],"replies":[{"embeddable":true,"href":"https:\/\/musicanaturacolors.com\/index.php\/wp-json\/wp\/v2\/comments?post=588"}],"version-history":[{"count":4,"href":"https:\/\/musicanaturacolors.com\/index.php\/wp-json\/wp\/v2\/pages\/588\/revisions"}],"predecessor-version":[{"id":654,"href":"https:\/\/musicanaturacolors.com\/index.php\/wp-json\/wp\/v2\/pages\/588\/revisions\/654"}],"wp:attachment":[{"href":"https:\/\/musicanaturacolors.com\/index.php\/wp-json\/wp\/v2\/media?parent=588"}],"curies":[{"name":"wp","href":"https:\/\/api.w.org\/{rel}","templated":true}]}}

<p>🎶&nbsp;<strong>LATIN DURBAN TRIO</strong><br><em>Música, ritme i elegància</em></p>



<p>🎶 Latin Durban Trio és la proposta més dinàmica i seductora del projecte musical del cantautor i multiinstrumentista Ivan Durban. Concebuda per aportar una experiència sonora única, amb una posada en escena impecable, ritme i sofisticació per a esdeveniments i música en directe.</p>



<p>Formació inspirada en la tradició llatina, fusiona elements de jazz, pop i mestissatge, combinant temes originals i versions, amb un directe vibrant i de qualitat.</p>



<p>Ivan Durban: Veu, guitarra, saxo.<br>Marc Xena: Percussions.<br>Paquito de la Iguana: Piano.</p>



<figure class="wp-block-embed is-type-video is-provider-youtube wp-block-embed-youtube wp-embed-aspect-16-9 wp-has-aspect-ratio"><div class="wp-block-embed__wrapper">
<iframe loading="lazy" title="Cha cha chá &#039;Dame más&#039; - Latin Durban Trio" width="750" height="422" src="https://www.youtube.com/embed/VxCnTaLkWc4?feature=oembed" frameborder="0" allow="accelerometer; autoplay; clipboard-write; encrypted-media; gyroscope; picture-in-picture; web-share" referrerpolicy="strict-origin-when-cross-origin" allowfullscreen></iframe>
</div></figure>



<p>🎶&nbsp;<strong>Format</strong><br>Amb el format de trio el projecte assegura una posada en escena mínima i rica, plena de matisos, alhora que concisa i pràctica, tant a nivell musical com logístic. El caràcter multiinstrumentista dels seus integrants fa que el trio pugui sonar com una descàrrega de banda gran, ja que el pianista ofereix una gran versatilitat com a teclista i baixista, el cantant com a guitarrista o saxofonista i fins i tot el percussionista intervenint com a trompetista en algunes ocasions.</p>



<p>🎶&nbsp;<strong>Estil</strong><br>El repertori va del bolero al son, del cha-cha-chá a la rumba, de la descàrrega al jazz, amb temes originals, arranjaments propis i versions, captant amb un repertori atractiu l’atenció del públic més exigent. Latin Durban Trio ofereix no només música, sinó una experiència que reviu emocions i fa que tothom gaudeixi del ritme amb estil i sofisticació.</p>



<p>Una proposta ideal, en clau llatina i jazz, fusionant la tradició i la contemporaneïtat musical en una coctelera sonora atractiva i saborosa.</p>



<p>🎶&nbsp;<strong>Ideal per a:</strong><br>– Esdeveniments corporatius i privats que busquen música en directe de qualitat.<br>– Programacions que busquen una proposta artística professional, elegant i emocionant.<br>– Festivals i concerts on es valora la fusió creativa i la presència artística.<br>– Contractacions que requereixen un repertori variat i ballable.</p>



<p>El projecte ofereix una proposta de música llatina vibrant i propera, amb la capacitat immediata de connectar amb el públic a través de la seva música, transmetent passió i qualitat sonora.</p>



<p>Latin Durban Trio no només toca música: la viu i la comparteix, creant moments inoblidables que conviden a gaudir, ballar i emocionar-se al ritme de la música llatina contemporània. 🎶</p>



<figure class="wp-block-gallery has-nested-images columns-default is-cropped wp-block-gallery-1 is-layout-flex wp-block-gallery-is-layout-flex">
<figure class="wp-block-image size-large"><img loading="lazy" decoding="async" width="1024" height="819" data-id="595" src="https://musicanaturacolors.com/wp-content/uploads/2026/01/trio-eventos-1024x819.png" alt="" class="wp-image-595" srcset="https://musicanaturacolors.com/wp-content/uploads/2026/01/trio-eventos-1024x819.png 1024w, https://musicanaturacolors.com/wp-content/uploads/2026/01/trio-eventos-300x240.png 300w, https://musicanaturacolors.com/wp-content/uploads/2026/01/trio-eventos-768x614.png 768w, https://musicanaturacolors.com/wp-content/uploads/2026/01/trio-eventos-1536x1229.png 1536w, https://musicanaturacolors.com/wp-content/uploads/2026/01/trio-eventos.png 2000w" sizes="auto, (max-width: 1024px) 100vw, 1024px" /></figure>
</figure>



<figure class="wp-block-embed is-type-video is-provider-youtube wp-block-embed-youtube wp-embed-aspect-9-16 wp-has-aspect-ratio"><div class="wp-block-embed__wrapper">
<iframe loading="lazy" title="Solo en cha cha chá" width="563" height="1000" src="https://www.youtube.com/embed/fwoIrZg9aGM?feature=oembed" frameborder="0" allow="accelerometer; autoplay; clipboard-write; encrypted-media; gyroscope; picture-in-picture; web-share" referrerpolicy="strict-origin-when-cross-origin" allowfullscreen></iframe>
</div></figure>

<p>🎶&nbsp;LATIN DURBAN TRIOMúsica, ritme i elegància 🎶 Latin Durban Trio és la proposta més dinàmica i seductora del projecte musical &hellip; </p>
