{"id":640,"date":"2026-03-05T10:42:36","date_gmt":"2026-03-05T10:42:36","guid":{"rendered":"https:\/\/musicanaturacolors.com\/?page_id=640"},"modified":"2026-03-05T10:44:46","modified_gmt":"2026-03-05T10:44:46","slug":"events","status":"publish","type":"page","link":"https:\/\/musicanaturacolors.com\/index.php\/events\/","title":{"rendered":"Events"},"content":{"rendered":"\n<p>Els events produits per l&#8217;entitat tenen la finalitat de <em>sacsejar<\/em> l&#8217;activitat socio-cultural del seu entorn m\u00e9s inmediat, ja sigui en col.laboraci\u00f3 amb les institucions p\u00fabliques com tamb\u00e9 en oferir serveis a l&#8217;inicitativa privada.  <\/p>\n\n\n\n<p>Algunes de les vessants de la gesti\u00f3 d&#8217;aquest events s\u00f3n:<\/p>\n\n\n\n<p>\u00b7 Organitzaci\u00f3 d&#8217;events i festivals en un marc p\u00fablic i municipal.<\/p>\n\n\n\n<p>\u00b7 Events privats i corporatius, ja siguin master-class, mostres musicals i art\u00edstiques.<\/p>\n\n\n\n<p>\u00b7 Creaci\u00f3 d&#8217;espectacles privats amb la finalitat de promoure la m\u00fasica i l&#8217;art.<\/p>\n\n\n\n<p>\u00b7 Tallers i Sessions v\u00e0ries, ja siguin de musicoter\u00e0pia, resid\u00e8ncies i creaci\u00f3 com exploraci\u00f3 art\u00edstica.<\/p>\n\n\n\n<p>Actualment l&#8217;entitat \u00e9s una gestora d&#8217;actes culturals, realitzant festivals per a tots els p\u00fablics com tamb\u00e9 events privats i a demanda.<\/p>\n\n\n\n<figure class=\"wp-block-image size-large\"><img loading=\"lazy\" decoding=\"async\" width=\"1024\" height=\"819\" src=\"http:\/\/musicanaturacolors.com\/wp-content\/uploads\/2026\/01\/trio-eventos-1024x819.png\" alt=\"\" class=\"wp-image-595\" srcset=\"https:\/\/musicanaturacolors.com\/wp-content\/uploads\/2026\/01\/trio-eventos-1024x819.png 1024w, https:\/\/musicanaturacolors.com\/wp-content\/uploads\/2026\/01\/trio-eventos-300x240.png 300w, https:\/\/musicanaturacolors.com\/wp-content\/uploads\/2026\/01\/trio-eventos-768x614.png 768w, https:\/\/musicanaturacolors.com\/wp-content\/uploads\/2026\/01\/trio-eventos-1536x1229.png 1536w, https:\/\/musicanaturacolors.com\/wp-content\/uploads\/2026\/01\/trio-eventos.png 2000w\" sizes=\"auto, (max-width: 1024px) 100vw, 1024px\" \/><\/figure>\n","protected":false},"excerpt":{"rendered":"<p>Els events produits per l&#8217;entitat tenen la finalitat de sacsejar l&#8217;activitat socio-cultural del seu entorn m\u00e9s inmediat, ja sigui en &hellip; <\/p>\n","protected":false},"author":1,"featured_media":0,"parent":0,"menu_order":0,"comment_status":"closed","ping_status":"closed","template":"","meta":{"footnotes":""},"class_list":["post-640","page","type-page","status-publish","hentry"],"_links":{"self":[{"href":"https:\/\/musicanaturacolors.com\/index.php\/wp-json\/wp\/v2\/pages\/640","targetHints":{"allow":["GET"]}}],"collection":[{"href":"https:\/\/musicanaturacolors.com\/index.php\/wp-json\/wp\/v2\/pages"}],"about":[{"href":"https:\/\/musicanaturacolors.com\/index.php\/wp-json\/wp\/v2\/types\/page"}],"author":[{"embeddable":true,"href":"https:\/\/musicanaturacolors.com\/index.php\/wp-json\/wp\/v2\/users\/1"}],"replies":[{"embeddable":true,"href":"https:\/\/musicanaturacolors.com\/index.php\/wp-json\/wp\/v2\/comments?post=640"}],"version-history":[{"count":2,"href":"https:\/\/musicanaturacolors.com\/index.php\/wp-json\/wp\/v2\/pages\/640\/revisions"}],"predecessor-version":[{"id":644,"href":"https:\/\/musicanaturacolors.com\/index.php\/wp-json\/wp\/v2\/pages\/640\/revisions\/644"}],"wp:attachment":[{"href":"https:\/\/musicanaturacolors.com\/index.php\/wp-json\/wp\/v2\/media?parent=640"}],"curies":[{"name":"wp","href":"https:\/\/api.w.org\/{rel}","templated":true}]}}

<p>Els events produits per l&#8217;entitat tenen la finalitat de <em>sacsejar</em> l&#8217;activitat socio-cultural del seu entorn més inmediat, ja sigui en col.laboració amb les institucions públiques com també en oferir serveis a l&#8217;inicitativa privada.  </p>



<p>Algunes de les vessants de la gestió d&#8217;aquest events són:</p>



<p>· Organització d&#8217;events i festivals en un marc públic i municipal.</p>



<p>· Events privats i corporatius, ja siguin master-class, mostres musicals i artístiques.</p>



<p>· Creació d&#8217;espectacles privats amb la finalitat de promoure la música i l&#8217;art.</p>



<p>· Tallers i Sessions vàries, ja siguin de musicoteràpia, residències i creació com exploració artística.</p>



<p>Actualment l&#8217;entitat és una gestora d&#8217;actes culturals, realitzant festivals per a tots els públics com també events privats i a demanda.</p>



<figure class="wp-block-image size-large"><img loading="lazy" decoding="async" width="1024" height="819" src="http://musicanaturacolors.com/wp-content/uploads/2026/01/trio-eventos-1024x819.png" alt="" class="wp-image-595" srcset="https://musicanaturacolors.com/wp-content/uploads/2026/01/trio-eventos-1024x819.png 1024w, https://musicanaturacolors.com/wp-content/uploads/2026/01/trio-eventos-300x240.png 300w, https://musicanaturacolors.com/wp-content/uploads/2026/01/trio-eventos-768x614.png 768w, https://musicanaturacolors.com/wp-content/uploads/2026/01/trio-eventos-1536x1229.png 1536w, https://musicanaturacolors.com/wp-content/uploads/2026/01/trio-eventos.png 2000w" sizes="auto, (max-width: 1024px) 100vw, 1024px" /></figure>

<p>Els events produits per l&#8217;entitat tenen la finalitat de sacsejar l&#8217;activitat socio-cultural del seu entorn més inmediat, ja sigui en &hellip; </p>
